it of 31232784?
3
What is the millions digit of 292262128?
2
What is the tens digit of 40673116?
1
What is the hundred millions digit of 143476031?
1
What is the hundred millions digit of 323474649?
3
What is the hundreds digit of 170828178?
1
What is the millions digit of 199730819?
9
What is the hundreds digit of 387084161?
1
What is the millions digit of 1949014906?
9
What is the billions digit of 2640174663?
2
What is the thousands digit of 712170962?
0
What is the hundreds digit of 557061602?
6
What is the hundred millions digit of 1522201061?
5
What is the units digit of 979720803?
3
What is the hundred thousands digit of 933894522?
8
What is the ten millions digit of 165960069?
6
What is the hundreds digit of 1252202878?
8
What is the millions digit of 32246669?
2
What is the billions digit of 3001080348?
3
What is the hundred millions digit of 1138588356?
1
What is the hundred thousands digit of 2407391229?
3
What is the hundred thousands digit of 11942019?
9
What is the millions digit of 374874459?
4
What is the ten thousands digit of 398505184?
0
What is the millions digit of 245695473?
5
What is the hundreds digit of 1124561738?
7
What is the thousands digit of 3969579180?
9
What is the millions digit of 245762242?
5
What is the ten thousands digit of 245413136?
1
What is the thousands digit of 124972068?
2
What is the millions digit of 1926966389?
6
What is the units digit of 342584402?
2
What is the millions digit of 1429161931?
9
What is the units digit of 4479004842?
2
What is the units digit of 35610409?
9
What is the hundred thousands digit of 35601181?
6
What is the hundred thousands digit of 207167459?
1
What is the hundreds digit of 111117912?
9
What is the tens digit of 974176941?
4
What is the hundred millions digit of 382115795?
3
What is the hundred millions digit of 604404998?
6
What is the tens digit of 398530320?
2
What is the ten millions digit of 36460140?
3
What is the hundreds digit of 297247758?
7
What is the hundred thousands digit of 2683550821?
5
What is the units digit of 119884796?
6
What is the thousands digit of 114071304?
1
What is the thousands digit of 70520625?
0
What is the ten thousands digit of 45859885?
5
What is the ten millions digit of 28266012?
2
What is the hundred millions digit of 281290908?
2
What is the units digit of 1224754444?
4
What is the hundred millions digit of 1341001568?
3
What is the hundred millions digit of 879189257?
8
What is the hundred thousands digit of 851661798?
6
What is the hundred thousands digit of 149284753?
2
What is the ten thousands digit of 620283421?
8
What is the thousands digit of 102923971?
3
What is the tens digit of 24022378?
7
What is the hundreds digit of 38047387?
3
What is the hundred millions digit of 189307220?
1
What is the hundred millions digit of 132889883?
1
What is the tens digit of 994585747?
4
What is the thousands digit of 78340984?
0
What is the hundreds digit of 40702131?
1
What is the hundreds digit of 2782178899?
8
What is the hundreds digit of 52796173?
1
What is the ten thousands digit of 629075348?
7
What is the hundreds digit of 76124919?
9
What is the hundred thousands digit of 24790383?
7
What is the thousands digit of 30960549?
0
What is the hundred millions digit of 145758692?
1
What is the hundred thousands digit of 351716581?
7
What is the tens digit of 156229888?
8
What is the ten thousands digit of 277848793?
4
What is the hundred millions digit of 2891560470?
8
What is the thousands digit of 87031671?
1
What is the units digit of 25871745?
5
What is the hundred thousands digit of 21206473?
2
What is the millions digit of 7778728977?
8
What is the hundred thousands digit of 645173715?
1
What is the thousands digit of 183599909?
9
What is the units digit of 303232819?
9
What is the units digit of 425368725?
5
What is the units digit of 279383440?
0
What is the ten millions digit of 25033203?
2
What is the hundred thousands digit of 144724002?
7
What is the ten thousands digit of 69898929?
9
What is the hundreds digit of 564595477?
4
What is the hundreds digit of 5507110716?
7
What is the ten millions digit of 14552530?
1
What is the thousands digit of 97687394?
7
What is the millions digit of 246633530?
6
What is the ten millions digit of 89090654?
8
What is the thousands digit of 116194875?
4
What is the hundreds digit of 251719489?
4
What is the ten thousands digit of 1440350928?
5
What is the millions digit of 19185941?
9
What is the tens digit of 210016318?
1
What is the ten millions digit of 2219570691?
1
What is the millions digit of 2369387142?
9
What is the hundred thousands digit of 202629899?
6
What is the millions digit of 205048552?
5
What is the units digit of 356027402?
2
What is the hundred thousands digit of 225166724?
1
What is the ten thousands digit of 381229370?
2
What is the hundreds digit of 84008743?
7
What is the ten millions digit of 537646497?
3
What is the millions digit of 33874302?
3
What is the millions digit of 1725790233?
5
What is the units digit of 58121005?
5
What is the ten millions digit of 25658226?
2
What is the tens digit of 27047909?
0
What is the ten millions digit of 58633249?
5
What is the thousands digit of 1907523161?
3
What is the units digit of 5054518463?
3
What is the units digit of 12143927?
7
What is the millions digit of 16452005?
6
What is the hundred millions digit of 134373224?
1
What is the billions digit of 1899246591?
1
What is the hundred thousands digit of 122401284?
4
What is the ten millions digit of 930298109?
3
What is the tens digit of 104896976?
7
What is the hundred thousands digit of 123896346?
8
What is the ten millions digit of 118840769?
1
What is the hundreds digit of 8892324?
3
What is the hundred millions digit of 916956041?
9
What is the hundreds digit of 16880750?
7
What is the hundred millions digit of 549656154?
5
What is the ten thousands digit of 805059312?
5
What is the ten thousands digit of 47846463?
4
What is the millions digit of 449810576?
9
What is the hundred thousands digit of 9765983?
7
What is the millions digit of 1947023216?
7
What is the ten millions digit of 2416915025?
1
What is the ten millions digit of 157981835?
5
What is the millions digit of 1309950556?
9
What is the hundreds digit of 1320908670?
6
What is the ten thousands digit of 166624299?
2
What is the hundred millions digit of 270099771?
2
What is the millions digit of 202737575?
2
What is the ten millions digit of 1358598284?
5
What is the ten thousands digit of 320563051?
6
What is the millions digit of 3241861292?
1
What is the ten thousands digit of 773210048?
1
What is the tens digit of 575820462?
6
What is the ten thousands digit of 70578808?
7
What is the ten thousands digit of 130138607?
3
What is the hundred millions digit of 714714821?
7
What is the units digit of 4493589375?
5
What is the ten millions digit of 3291848745?
9
What is the hundred millions digit of 317683493?
3
What is the millions digit of 941556435?
1
What is the units digit of 1265966549?
9
What is the thousands digit of 356577770?
7
What is the hundred thousands digit of 4089608783?
6
What is the billions digit of 1671175578?
1
What is the tens digit of 53074628?
2
What is the ten millions digit of 1541081455?
4
What is the tens digit of 4514865854?
5
What is the ten millions digit of 36334995?
3
What is the tens digit of 52061197?
9
What is the units digit of 10663719?
9
What is the ten thousands digit of 5623058745?
5
What is the ten thousands digit of 45107458?
0
What is the units digit of 670912159?
9
What is the thousands digit of 419061303?
1
What is the hundred thousands digit of 149180964?
1
What is the thousands digit of 32720272?
0
What is the units digit of 149244292?
2
What is the hundreds digit of 426779182?
1
What is the units digit of 181362654?
4
What is the tens digit of 331333402?
0
What is the units digit of 1221642838?
8
What is the units digit of 1861312538?
8
What is the billions digit of 1071383390?
1
What is the ten thousands digit of 807745771?
4
What is the tens digit of 3957026?
2
What is the ten millions digit of 56281637?
5
What is the hundreds digit of 52708494?
4
What is the units digit of 9068109?
9
What is the billions digit of 2541381266?
2
What is the 